 is 3405551 (base 9) in base 14?
35a83d
-20202002110 (base 3) to base 12
-649a0
Convert 224414 (base 7) to base 15.
bcb5
What is a61ba (base 14) in base 4?
1201321120
-608506 (base 9) to base 7
-3031062
Convert -3145485 (base 10) to base 2.
-1011111111111100001101
Convert 22330120 (base 6) to base 14.
139d96
391b0 (base 14) to base 13
4bb1b
Convert 14236773 (base 8) to base 6.
153100231
What is 41011131 (base 5) in base 3?
121201012002
-2cf4 (base 16) to base 7
-45360
1312123212 (base 4) to base 14
c8ad8
Convert 331014212 (base 6) to base 15.
7c14a2
Convert -2120211112 (base 3) to base 5.
-3112114
35371 (base 10) to base 5
2112441
Convert 6f3f5 (base 16) to base 7.
3605324
What is 4104020 (base 7) in base 8?
1672525
Convert 66db81 (base 14) to base 16.
3555d5
What is 204197 (base 10) in base 7?
1510220
Convert 163665311 (base 7) to base 8.
52504274
What is -20241230 (base 5) in base 12?
-7b71a
5303241 (base 7) to base 13
1952c1
Convert -2021141003 (base 5) to base 11.
-233a307
Convert -13257 (base 11) to base 16.
-49fa
Convert -315510 (base 6) to base 5.
-1312030
What is -79719 (base 12) in base 16?
-277c5
What is -2111110200 (base 3) in base 8?
-140041
-2605241 (base 9) to base 14
-28dc16
-1334b9 (base 12) to base 10
-316941
-1301330241 (base 5) to base 4
-30001201022
-2076036 (base 8) to base 9
-1036686
Convert -b42560 (base 12) to base 14.
-5373cc
-3c9b0 (base 13) to base 6
-2234235
What is -25333 (base 15) in base 4?
-131001000
Convert 9871765 (base 10) to base 15.
ceee7a
106225051 (base 8) to base 4
1012102220221
Convert -b1946 (base 12) to base 11.
-148759
What is -1000000110100110001111 (base 2) in base 13?
-594b11
c1df (base 16) to base 5
3042011
What is -102220203302 (base 4) in base 5?
-2222302342
230233430 (base 5) to base 15
15372a
3b420 (base 14) to base 15
2d4e9
Convert -7d93dd (base 15) to base 5.
-3014130013
Convert -11636645 (base 7) to base 5.
-232122442
What is 14311403 (base 5) in base 11?
a337a
Convert -11000011010010111 (base 2) to base 13.
-36688
What is -b158 (base 15) in base 8?
-111071
Convert -1180484 (base 9) to base 13.
-196ac8
5032263 (base 7) to base 5
123040102
Convert 1121100022 (base 3) to base 4.
13231232
What is 13630664 (base 8) in base 15?
411646
32b739 (base 12) to base 9
1461360
88358 (base 10) to base 14
242b4
What is -35160113 (base 9) in base 6?
-1410340020
2320744 (base 10) to base 14
445a76
-147373 (base 9) to base 11
-6216a
b8519 (base 13) to base 9
556231
Convert 104665 (base 10) to base 14.
2a201
Convert -29226 (base 13) to base 15.
-17d60
What is 14455440 (base 6) in base 13?
149064
100b86 (base 12) to base 9
421573
What is -55511540 (base 7) in base 2?
-10010010010001010110100
What is -10102002100 (base 3) in base 6?
-1234443
2057b92 (base 12) to base 8
27165336
Convert -271757 (base 9) to base 13.
-5a370
What is -319c95 (base 16) in base 6?
-153404313
What is -101100101110100111011 (base 2) in base 16?
-165d3b
-6b4cb (base 16) to base 4
-1223103023
Convert 350339 (base 11) to base 14.
106c8b
Convert 24411302 (base 5) to base 9.
383313
What is -131454334 (base 6) in base 8?
-11737162
221342 (base 11) to base 4
1112031210
Convert -400636 (base 8) to base 7.
-1055225
223531a (base 12) to base 8
30747206
What is -5311721 (base 8) in base 10?
-1414097
What is 12020101102122 (base 3) in base 5?
1203023112
What is -c7b45 (base 13) in base 6?
-11414443
What is -294974 (base 10) in base 7?
-2335661
2a908 (base 14) to base 3
12101110120
8a4ca (base 15) to base 9
740311
What is -1242112 (base 5) in base 9?
-36736
482210 (base 9) to base 10
290313
-50223 (base 9) to base 13
-12027
Convert -1c6188 (base 14) to base 5.
-224444341
22001001100 (base 3) to base 10
158229
-10323a3 (base 13) to base 11
-2859679
Convert -60490c (base 13) to base 16.
-22267f
What is -1003213102 (base 4) in base 5?
-32330241
-3aba34 (base 13) to base 10
-1425389
What is 203083 (base 10) in base 5?
22444313
Convert 22201200112210 (base 3) to base 6.
243232550
-11272 (base 12) to base 2
-101100100110110
What is 333433 (base 11) in base 12?
217771
Convert 377a6 (base 15) to base 5.
21132411
-21152146 (base 7) to base 12
-726464
-2111303210 (base 4) to base 11
-38a012
-14405254 (base 7) to base 11
-851230
Convert 132726 (base 10) to base 12.
64986
Convert -1511150 (base 7) to base 10.
-204512
Convert -1b41c2 (base 16) to base 7.
-21116614
What is 200122211201100 (base 3) in base 14?
146216d
-587aa (base 11) to base 7
-502201
Convert 282a854 (base 11) to base 7.
56303156
2254 (base 6) to base 2
1000011010
53502 (base 10) to base 2
1101000011111110
-2773266 (base 9) to base 8
-5641521
552542004 (base 6) to base 16
979ad4
What is -538079 (base 12) in base 16?
-14255d
Convert 22261 (base 8) to base 4.
2102301
Convert 12200012000012 (base 3) to base 13.
817517
Convert 1000010111001100111101 (base 2) to base 15.
2d480e
What is -223501254 (base 6) in base 15?
-55e484
159880 (base 12) to base 4
1122022200
What is 1650703 (base 8) in base 13?
13a449
-1022121210010 (base 3) to base 2
-10101011001011010011
Convert 774333 (base 8) to base 6.
5325055
What is 10111110100101100 (base 2) in base 14?
277c0
What is -5545 (base 6) in base 5?
-20124
-4507c8 (base 16) to base 12
-1622060
11100000001111 (base 2) to base 8
34017
Convert 100111120122 (base 3) to base 10.
187046
What is 1353014 (base 7) in base 11?
114090
What is -101101011101110 (base 2) in base 4?
-11223232
Convert -1535103 (base 7) to base 8.
-633336
What is 10010000110100001010 (base 2) in base 4?
2100310022
What is 10000111100111011111 (base 2) in base 15?
ae8c7
What is 1011121012 (base 3) in base 6?
254352
What is 186077 (base 11) in base 2?
1000101111000101001
-11202222002 (base 3) to base 10
-94016
What is -1000c42 (base 15) in base 12?
-399548b
1001010111011000 (base 2) to base 10
38360
What is -1256306 (base 8) in base 2?
-1010101110011000110
What is 10100010010100000100 (base 2) in base 15?
d1ec6
What is -6655cb (base 14) in base 4?
-31033232333
Convert 12807951 (base 10) to base 12.
4358013
Convert -440330114 (base 5) to base 12.
-76b724
What is -20121210111 (base 3) in base 7?
-1052002
Convert -138eb8 (base 15) to base 5.
-220112243
-233349b (base 12) to base 3
-110202210101202
What is -764331 (base 8) in base 12?
-104335
Convert 222000200102 (base 3) to base 8.
1750377
Convert -2301434 (base 5) to base 8.
-117645
-1603080 (base 11) to base 8
-12353274
Convert b42a73 (base 12) to base 5.
1210400304
Convert -100022001012 (base 3) to base 9.
-308035
What is -35022204 (base 6) in base 9?
-2020224
Convert 1120660 (base 9) to base 3.
1010200202000
What is 201202130 (base 4) in base 5?
13343442
Convert -2236642 (base 7) to base 15.
-577b7
-13133442 (base 5) to base 2
-11111110111000001
308362 (base 11) to base 4
1320222120
Convert 111010000010000111110 (base 2) to base 10.
1901630
Convert -122212110211 (base 3) to base 16.
-55dec
23c22c (base 16) to base 4
20330020230
-4222023 (base 6) to base 5
-23031330
What is 109709 (base 10) in base 16?
1ac8d
Convert -1424576 (base 8) to base 9.
-674858
Convert -312301403 (base 6) to base 9.
-11204443
1301312111 (base 4) to base 10
466325
What is -500428 (base 9) in base 5?
-33424340
What is -199177 (base 11) in base 5?
-34230004
What is 1b138 (base 16) in base 11?
76362
What is -d5c7a (base 16) in base 3?
-1122111011012
What is 504057 (base 9) in base 13?
a5976
-160331 (base 7) to base 3
-1121001022
-43133140 (base 5) to base 13
-ca072
Convert -9047661 (base 10) to base 5.
-4304011121
What is 30db4 (base 15) in base 10?
154969
-494e8 (base 16) to base 14
-7b5d6
-814221 (base 10) to base 15
-1113b6
Convert -101344124 (base 5) to base 16.
-66368
Convert -632724 (base 13) to base 16.
-2362c8
Convert -31112002222 (base 4) to base 9.
-6521507
Convert 677978 (base 16) to base 6.
401202532
Convert 651730 (base 8) to base 5.
23434242
34324156 (base 8) to base 2
11100011010100001101110
-1001121322 (base 4) to base 8
-1013172
What is b877c4 (base 14) in base 16?
5f4730
Convert -2021204142 (base 5) to base 12.
-144bb62
Convert -122220211 (base 3) to base 12.
-7687
What is -e87306 (base 15) in base 16?
-a8c54c
What is -1868a04 (base 11) in base 15?
-426302
What is -111002021011 (base 4) in base 11?
-3126663
What is -12321232 (base 5) in base 8?
-352600
C